{"id":19,"date":"2019-10-26T21:18:52","date_gmt":"2019-10-26T20:18:52","guid":{"rendered":"https:\/\/guarneritrioprague.cajik.com\/?page_id=19"},"modified":"2020-12-09T21:55:26","modified_gmt":"2020-12-09T20:55:26","slug":"clenove","status":"publish","type":"page","link":"https:\/\/www.guarneritrioprague.com\/de\/clenove\/","title":{"rendered":"MITGLIEDER"},"content":{"rendered":"<table style=\"border-collapse: collapse; width: 100%;\">\n<tbody>\n<tr>\n<td style=\"width: 30%;\" align=\"justify\" valign=\"top\"><span style=\"font-size: 12pt;\"><strong>\u010cen\u011bk Pavl\u00edk<\/strong><\/span> geh\u00f6rt zu den ersten Solisten der tschechischen Geigergeneration. Er ist erster Preistr\u00e4ger der internationalen Wettbewerbe von Prag und London und lebt als frei schaffender K\u00fcnstler in Tschechien.<br \/>\nSeine ausserberufliche Leidenschaft geh\u00f6rt den Dampflokomotiven.<br \/>\n\u010cen\u011bk Pavlik partizipiert regelm\u00e4ssig in seiner Freizeit bei Ausgrabungen und hat sich zu einem Experten im Bereich mittelalterlicher Keramikkacheln entwickelt.<\/td>\n<td style=\"width: 5%;\">&nbsp;<\/td>\n<td style=\"width: 30%;\" align=\"justify\" valign=\"top\"><span style=\"font-size: 12pt;\"><strong>Marek Jerie<\/strong><\/span> z\u00e4hlt zu den herausragenden Cellisten seiner Generation. W\u00e4hrend 34 Jahren unterrichtete er an der Musikhochschule Luzern, wo er als Professor eine Ausbildungs- und Konzertklasse leitete und Kammermusik unterrichtete. F\u00fcr die ihm anvertrauten Studenten setzte er sich mit Leib und Seele ein.<br \/>\nDem kunstbegeisterten Familienvater sind menschliche Begegnungen und das Entdecken neuer Orte unabdingbarer Ausgleich.<\/td>\n<td style=\"width: 5%;\">&nbsp;<\/td>\n<td style=\"width: 30%;\" align=\"justify\" valign=\"top\"><span style=\"font-size: 12pt;\"><strong>Ivan Kl\u00e1nsk\u00fd<\/strong><\/span> z\u00e4hlt zu den hervorragendsten Pers\u00f6nlichkeiten unter den tschechischen Pianisten. Als Dekan steht er der Musikakademie Prag vor und leitet als Professor eine Konzertklasse an diesem Institut. W\u00e4hrend mehr als 20 Jahren unterrichtete er an der Musikhochschule Luzern.<br \/>\nDer ehemalige Jungschachmeister der Tschechoslowakei ist f\u00fcr die Reisen des Guarneri Trio Prague verantwortlich, kennt er doch alle Flug- und Zugverbindungen auswendig.<\/td>\n<\/tr>\n<\/tbody>\n<\/table>\n","protected":false},"excerpt":{"rendered":"<p>\u010cen\u011bk Pavl\u00edk geh\u00f6rt zu den ersten Solisten der tschechischen Geigergeneration. Er ist erster Preistr\u00e4ger der internationalen Wettbewerbe von Prag und London und lebt als frei schaffender K\u00fcnstler in Tschechien. Seine ausserberufliche Leidenschaft geh\u00f6rt den Dampflokomotiven. \u010cen\u011bk Pavlik partizipiert regelm\u00e4ssig in seiner Freizeit bei Ausgrabungen und hat sich zu einem Experten im Bereich mittelalterlicher Keramikkacheln entwickelt. &hellip; <\/p>\n<p class=\"link-more\"><a href=\"https:\/\/www.guarneritrioprague.com\/de\/clenove\/\" class=\"more-link\">Continue reading<span class=\"screen-reader-text\"> &#8220;MITGLIEDER&#8221;<\/span><\/a><\/p>\n","protected":false},"author":1,"featured_media":0,"parent":0,"menu_order":0,"comment_status":"closed","ping_status":"closed","template":"","meta":{"ngg_post_thumbnail":0,"footnotes":""},"class_list":["post-19","page","type-page","status-publish","hentry"],"translation":{"provider":"WPGlobus","version":"3.0.2","language":"de","enabled_languages":["cz","en","de","fr"],"languages":{"cz":{"title":true,"content":true,"excerpt":false},"en":{"title":true,"content":true,"excerpt":false},"de":{"title":true,"content":true,"excerpt":false},"fr":{"title":true,"content":true,"excerpt":false}}},"yoast_head":"<!-- This site is optimized with the Yoast SEO plugin v27.5 - https:\/\/yoast.com\/product\/yoast-seo-wordpress\/ -->\n<title>MITGLIEDER - Guarneri Trio Prague<\/title>\n<meta name=\"robots\" content=\"index, follow, max-snippet:-1, max-image-preview:large, max-video-preview:-1\" \/>\n<link rel=\"canonical\" href=\"https:\/\/www.guarneritrioprague.com\/clenove\/\" \/>\n<meta property=\"og:locale\" content=\"de_DE\" \/>\n<meta property=\"og:type\" content=\"article\" \/>\n<meta property=\"og:title\" content=\"MITGLIEDER - Guarneri Trio Prague\" \/>\n<meta property=\"og:url\" content=\"https:\/\/www.guarneritrioprague.com\/clenove\/\" \/>\n<meta property=\"og:site_name\" content=\"Guarneri Trio Prague\" \/>\n<meta property=\"article:modified_time\" content=\"2020-12-09T20:55:26+00:00\" \/>\n<meta name=\"twitter:card\" content=\"summary_large_image\" \/>\n<meta name=\"twitter:label1\" content=\"Est. reading time\" \/>\n\t<meta name=\"twitter:data1\" content=\"4 minutes\" \/>\n<script type=\"application\/ld+json\" class=\"yoast-schema-graph\">{\"@context\":\"https:\\\/\\\/schema.org\",\"@graph\":[{\"@type\":\"WebPage\",\"@id\":\"https:\\\/\\\/www.guarneritrioprague.com\\\/clenove\\\/\",\"url\":\"https:\\\/\\\/www.guarneritrioprague.com\\\/clenove\\\/\",\"name\":\"MITGLIEDER - Guarneri Trio Prague\",\"isPartOf\":{\"@id\":\"https:\\\/\\\/www.guarneritrioprague.com\\\/#website\"},\"datePublished\":\"2019-10-26T20:18:52+00:00\",\"dateModified\":\"2020-12-09T20:55:26+00:00\",\"breadcrumb\":{\"@id\":\"https:\\\/\\\/www.guarneritrioprague.com\\\/clenove\\\/#breadcrumb\"},\"inLanguage\":\"de-DE\",\"potentialAction\":[{\"@type\":\"ReadAction\",\"target\":[\"https:\\\/\\\/www.guarneritrioprague.com\\\/clenove\\\/\"]}]},{\"@type\":\"BreadcrumbList\",\"@id\":\"https:\\\/\\\/www.guarneritrioprague.com\\\/clenove\\\/#breadcrumb\",\"itemListElement\":[{\"@type\":\"ListItem\",\"position\":1,\"name\":\"Dom\u016f\",\"item\":\"https:\\\/\\\/www.guarneritrioprague.com\\\/\"},{\"@type\":\"ListItem\",\"position\":2,\"name\":\"\u010cLENOV\u00c9\"}]},{\"@type\":\"WebSite\",\"@id\":\"https:\\\/\\\/www.guarneritrioprague.com\\\/#website\",\"url\":\"https:\\\/\\\/www.guarneritrioprague.com\\\/\",\"name\":\"Guarneri Trio Prague\",\"description\":\"Ivan Kl\u00e1nsk\u00fd - Klavier, \u010cen\u011bk Pavl\u00edk - Violine, Marek Jerie - Violoncello\",\"potentialAction\":[{\"@type\":\"SearchAction\",\"target\":{\"@type\":\"EntryPoint\",\"urlTemplate\":\"https:\\\/\\\/www.guarneritrioprague.com\\\/?s={search_term_string}\"},\"query-input\":{\"@type\":\"PropertyValueSpecification\",\"valueRequired\":true,\"valueName\":\"search_term_string\"}}],\"inLanguage\":\"de-DE\"}]}<\/script>\n<!-- \/ Yoast SEO plugin. -->","yoast_head_json":{"title":"MITGLIEDER - Guarneri Trio Prague","robots":{"index":"index","follow":"follow","max-snippet":"max-snippet:-1","max-image-preview":"max-image-preview:large","max-video-preview":"max-video-preview:-1"},"canonical":"https:\/\/www.guarneritrioprague.com\/clenove\/","og_locale":"de_DE","og_type":"article","og_title":"MITGLIEDER - Guarneri Trio Prague","og_url":"https:\/\/www.guarneritrioprague.com\/clenove\/","og_site_name":"Guarneri Trio Prague","article_modified_time":"2020-12-09T20:55:26+00:00","twitter_card":"summary_large_image","twitter_misc":{"Est. reading time":"4 minutes"},"schema":{"@context":"https:\/\/schema.org","@graph":[{"@type":"WebPage","@id":"https:\/\/www.guarneritrioprague.com\/clenove\/","url":"https:\/\/www.guarneritrioprague.com\/clenove\/","name":"MITGLIEDER - Guarneri Trio Prague","isPartOf":{"@id":"https:\/\/www.guarneritrioprague.com\/#website"},"datePublished":"2019-10-26T20:18:52+00:00","dateModified":"2020-12-09T20:55:26+00:00","breadcrumb":{"@id":"https:\/\/www.guarneritrioprague.com\/clenove\/#breadcrumb"},"inLanguage":"de-DE","potentialAction":[{"@type":"ReadAction","target":["https:\/\/www.guarneritrioprague.com\/clenove\/"]}]},{"@type":"BreadcrumbList","@id":"https:\/\/www.guarneritrioprague.com\/clenove\/#breadcrumb","itemListElement":[{"@type":"ListItem","position":1,"name":"Dom\u016f","item":"https:\/\/www.guarneritrioprague.com\/"},{"@type":"ListItem","position":2,"name":"\u010cLENOV\u00c9"}]},{"@type":"WebSite","@id":"https:\/\/www.guarneritrioprague.com\/#website","url":"https:\/\/www.guarneritrioprague.com\/","name":"Guarneri Trio Prague","description":"Ivan Kl\u00e1nsk\u00fd - Klavier, \u010cen\u011bk Pavl\u00edk - Violine, Marek Jerie - Violoncello","potentialAction":[{"@type":"SearchAction","target":{"@type":"EntryPoint","urlTemplate":"https:\/\/www.guarneritrioprague.com\/?s={search_term_string}"},"query-input":{"@type":"PropertyValueSpecification","valueRequired":true,"valueName":"search_term_string"}}],"inLanguage":"de-DE"}]}},"_links":{"self":[{"href":"https:\/\/www.guarneritrioprague.com\/de\/wp-json\/wp\/v2\/pages\/19","targetHints":{"allow":["GET"]}}],"collection":[{"href":"https:\/\/www.guarneritrioprague.com\/de\/wp-json\/wp\/v2\/pages"}],"about":[{"href":"https:\/\/www.guarneritrioprague.com\/de\/wp-json\/wp\/v2\/types\/page"}],"author":[{"embeddable":true,"href":"https:\/\/www.guarneritrioprague.com\/de\/wp-json\/wp\/v2\/users\/1"}],"replies":[{"embeddable":true,"href":"https:\/\/www.guarneritrioprague.com\/de\/wp-json\/wp\/v2\/comments?post=19"}],"version-history":[{"count":29,"href":"https:\/\/www.guarneritrioprague.com\/de\/wp-json\/wp\/v2\/pages\/19\/revisions"}],"predecessor-version":[{"id":331,"href":"https:\/\/www.guarneritrioprague.com\/de\/wp-json\/wp\/v2\/pages\/19\/revisions\/331"}],"wp:attachment":[{"href":"https:\/\/www.guarneritrioprague.com\/de\/wp-json\/wp\/v2\/media?parent=19"}],"curies":[{"name":"wp","href":"https:\/\/api.w.org\/{rel}","templated":true}]}}

<table style="border-collapse: collapse; width: 100%;">
<tbody>
<tr>
<td style="width: 30%;" align="justify" valign="top"><span style="font-size: 12pt;"><strong>Čeněk Pavlík</strong></span> gehört zu den ersten Solisten der tschechischen Geigergeneration. Er ist erster Preisträger der internationalen Wettbewerbe von Prag und London und lebt als frei schaffender Künstler in Tschechien.<br />
Seine ausserberufliche Leidenschaft gehört den Dampflokomotiven.<br />
Čeněk Pavlik partizipiert regelmässig in seiner Freizeit bei Ausgrabungen und hat sich zu einem Experten im Bereich mittelalterlicher Keramikkacheln entwickelt.</td>
<td style="width: 5%;">&nbsp;</td>
<td style="width: 30%;" align="justify" valign="top"><span style="font-size: 12pt;"><strong>Marek Jerie</strong></span> zählt zu den herausragenden Cellisten seiner Generation. Während 34 Jahren unterrichtete er an der Musikhochschule Luzern, wo er als Professor eine Ausbildungs- und Konzertklasse leitete und Kammermusik unterrichtete. Für die ihm anvertrauten Studenten setzte er sich mit Leib und Seele ein.<br />
Dem kunstbegeisterten Familienvater sind menschliche Begegnungen und das Entdecken neuer Orte unabdingbarer Ausgleich.</td>
<td style="width: 5%;">&nbsp;</td>
<td style="width: 30%;" align="justify" valign="top"><span style="font-size: 12pt;"><strong>Ivan Klánský</strong></span> zählt zu den hervorragendsten Persönlichkeiten unter den tschechischen Pianisten. Als Dekan steht er der Musikakademie Prag vor und leitet als Professor eine Konzertklasse an diesem Institut. Während mehr als 20 Jahren unterrichtete er an der Musikhochschule Luzern.<br />
Der ehemalige Jungschachmeister der Tschechoslowakei ist für die Reisen des Guarneri Trio Prague verantwortlich, kennt er doch alle Flug- und Zugverbindungen auswendig.</td>
</tr>
</tbody>
</table>

<p>Čeněk Pavlík gehört zu den ersten Solisten der tschechischen Geigergeneration. Er ist erster Preisträger der internationalen Wettbewerbe von Prag und London und lebt als frei schaffender Künstler in Tschechien. Seine ausserberufliche Leidenschaft gehört den Dampflokomotiven. Čeněk Pavlik partizipiert regelmässig in seiner Freizeit bei Ausgrabungen und hat sich zu einem Experten im Bereich mittelalterlicher Keramikkacheln entwickelt. &hellip; </p>
<p class="link-more"><a href="https://www.guarneritrioprague.com/de/clenove/" class="more-link">Continue reading<span class="screen-reader-text"> &#8220;MITGLIEDER&#8221;</span></a></p>

<!-- This site is optimized with the Yoast SEO plugin v27.5 - https://yoast.com/product/yoast-seo-wordpress/ -->
<title>MITGLIEDER - Guarneri Trio Prague</title>
<meta name="robots" content="index, follow, max-snippet:-1, max-image-preview:large, max-video-preview:-1" />
<link rel="canonical" href="https://www.guarneritrioprague.com/clenove/" />
<meta property="og:locale" content="de_DE" />
<meta property="og:type" content="article" />
<meta property="og:title" content="MITGLIEDER - Guarneri Trio Prague" />
<meta property="og:url" content="https://www.guarneritrioprague.com/clenove/" />
<meta property="og:site_name" content="Guarneri Trio Prague" />
<meta property="article:modified_time" content="2020-12-09T20:55:26+00:00" />
<meta name="twitter:card" content="summary_large_image" />
<meta name="twitter:label1" content="Est. reading time" />
	<meta name="twitter:data1" content="4 minutes" />
<script type="application/ld+json" class="yoast-schema-graph">{"@context":"https:\/\/schema.org","@graph":[{"@type":"WebPage","@id":"https:\/\/www.guarneritrioprague.com\/clenove\/","url":"https:\/\/www.guarneritrioprague.com\/clenove\/","name":"MITGLIEDER - Guarneri Trio Prague","isPartOf":{"@id":"https:\/\/www.guarneritrioprague.com\/#website"},"datePublished":"2019-10-26T20:18:52+00:00","dateModified":"2020-12-09T20:55:26+00:00","breadcrumb":{"@id":"https:\/\/www.guarneritrioprague.com\/clenove\/#breadcrumb"},"inLanguage":"de-DE","potentialAction":[{"@type":"ReadAction","target":["https:\/\/www.guarneritrioprague.com\/clenove\/"]}]},{"@type":"BreadcrumbList","@id":"https:\/\/www.guarneritrioprague.com\/clenove\/#breadcrumb","itemListElement":[{"@type":"ListItem","position":1,"name":"Domů","item":"https:\/\/www.guarneritrioprague.com\/"},{"@type":"ListItem","position":2,"name":"ČLENOVÉ"}]},{"@type":"WebSite","@id":"https:\/\/www.guarneritrioprague.com\/#website","url":"https:\/\/www.guarneritrioprague.com\/","name":"Guarneri Trio Prague","description":"Ivan Klánský - Klavier, Čeněk Pavlík - Violine, Marek Jerie - Violoncello","potentialAction":[{"@type":"SearchAction","target":{"@type":"EntryPoint","urlTemplate":"https:\/\/www.guarneritrioprague.com\/?s={search_term_string}"},"query-input":{"@type":"PropertyValueSpecification","valueRequired":true,"valueName":"search_term_string"}}],"inLanguage":"de-DE"}]}</script>
<!-- / Yoast SEO plugin. -->

Domů

ČLENOVÉ

Ivan Klánský - Klavier, Čeněk Pavlík - Violine, Marek Jerie - Violoncello
